at is the greatest common divisor of 3753 and 139?
139
Calculate the highest common factor of 26 and 143.
13
Calculate the highest common factor of 147 and 637.
49
What is the highest common divisor of 2525 and 75?
25
What is the highest common factor of 640 and 5?
5
Calculate the highest common divisor of 52 and 221.
13
Calculate the greatest common factor of 42721 and 119.
119
Calculate the greatest common divisor of 90 and 50.
10
What is the greatest common divisor of 442 and 10829?
221
Calculate the greatest common divisor of 32 and 536.
8
Calculate the highest common factor of 204 and 714.
102
What is the highest common factor of 247 and 91?
13
Calculate the greatest common divisor of 63 and 720.
9
Calculate the greatest common divisor of 180 and 1476.
36
What is the highest common factor of 32 and 4736?
32
Calculate the highest common divisor of 52 and 1196.
52
What is the greatest common factor of 9 and 8352?
9
Calculate the highest common divisor of 42 and 3894.
6
Calculate the highest common factor of 968 and 363.
121
What is the highest common divisor of 33598 and 642?
214
Calculate the greatest common divisor of 14 and 203.
7
Calculate the greatest common divisor of 14949 and 2265.
453
What is the highest common factor of 16 and 56?
8
Calculate the greatest common factor of 18 and 90.
18
What is the greatest common factor of 6 and 111?
3
Calculate the greatest common factor of 25068 and 12.
12
Calculate the greatest common factor of 119 and 21.
7
Calculate the highest common factor of 19 and 817.
19
Calculate the greatest common divisor of 117 and 27.
9
Calculate the highest common factor of 1197 and 21.
21
What is the highest common divisor of 90 and 675?
45
Calculate the greatest common factor of 88 and 77.
11
Calculate the greatest common divisor of 174 and 96.
6
Calculate the highest common factor of 145 and 810.
5
Calculate the greatest common divisor of 105 and 30.
15
What is the greatest common factor of 31 and 248?
31
Calculate the highest common divisor of 102 and 646.
34
What is the highest common divisor of 15363 and 27?
27
What is the greatest common divisor of 221 and 39?
13
Calculate the greatest common factor of 72 and 60.
12
What is the highest common divisor of 1040 and 65?
65
Calculate the greatest common factor of 10 and 46.
2
Calculate the highest common factor of 517 and 94.
47
Calculate the highest common factor of 33 and 627.
33
What is the highest common divisor of 209 and 475?
19
What is the highest common divisor of 189 and 12789?
63
Calculate the greatest common divisor of 869 and 316.
79
Calculate the greatest common divisor of 42 and 7329.
21
What is the highest common factor of 8896 and 128?
64
What is the highest common divisor of 2329 and 137?
137
What is the highest common factor of 32 and 72?
8
What is the highest common factor of 11 and 913?
11
Calculate the greatest common divisor of 16672 and 24.
8
What is the greatest common factor of 10 and 145?
5
Calculate the greatest common divisor of 30861 and 127.
127
What is the highest common factor of 144 and 1260?
36
What is the highest common divisor of 9 and 4104?
9
What is the highest common factor of 144 and 192?
48
What is the highest common factor of 30 and 1110?
30
What is the greatest common factor of 156 and 2847?
39
What is the highest common divisor of 22 and 10?
2
Calculate the greatest common factor of 754 and 39.
13
What is the highest common divisor of 232 and 5800?
232
Calculate the highest common divisor of 5 and 3.
1
What is the highest common factor of 1550 and 2294?
62
What is the highest common divisor of 8421 and 7?
7
What is the greatest common divisor of 17152 and 67?
67
What is the highest common factor of 72 and 144216?
72
What is the greatest common factor of 6146 and 14?
14
What is the greatest common divisor of 2619 and 97?
97
Calculate the greatest common divisor of 530 and 110.
10
What is the greatest common factor of 594 and 5478?
66
What is the greatest common divisor of 16948 and 152?
76
What is the greatest common factor of 39 and 26?
13
Calculate the highest common factor of 945 and 252.
63
Calculate the greatest common factor of 18 and 603.
9
Calculate the greatest common factor of 48 and 243.
3
What is the greatest common divisor of 31 and 1829?
31
Calculate the greatest common divisor of 529 and 253.
23
What is the highest common factor of 391 and 170?
17
Calculate the greatest common divisor of 11248 and 444.
148
Calculate the greatest common divisor of 250 and 20.
10
Calculate the greatest common factor of 162 and 36.
18
What is the highest common factor of 208 and 39?
13
What is the greatest common divisor of 18 and 132?
6
What is the greatest common divisor of 975 and 117?
39
Calculate the highest common divisor of 265 and 24433.
53
What is the highest common factor of 2300 and 120?
20
Calculate the greatest common factor of 134 and 469.
67
Calculate the greatest common divisor of 18 and 63.
9
What is the highest common divisor of 28 and 6?
2
What is the highest common factor of 78 and 2613?
39
Calculate the highest common factor of 15 and 333.
3
What is the highest common factor of 7 and 35?
7
Calculate the highest common divisor of 2 and 8732.
2
Calculate the greatest common divisor of 520 and 3575.
65
What is the highest common divisor of 693 and 126?
63
Calculate the highest common divisor of 649 and 11269.
59
Calculate the highest common factor of 3555 and 90.
45
Calculate the greatest common divisor of 3213 and 54.
27
What is the highest common factor of 12 and 3792?
12
What is the greatest common divisor of 36 and 144?
36
Calculate the greatest common factor of 670 and 30.
10
Calculate the highest common divisor of 10 and 310.
10
Calculate the highest common divisor of 280 and 35.
35
Calculate the greatest common factor of 455 and 28.
7
Calculate the greatest common factor of 52 and 1924.
52
Calculate the highest common factor of 1440 and 200.
40
What is the highest common factor of 140 and 6335?
35
What is the greatest common divisor of 162 and 24?
6
What is the highest common divisor of 168 and 8204?
28
Calculate the highest common factor of 264 and 1947.
33
What is the greatest common divisor of 192 and 896?
64
Calculate the highest common divisor of 18 and 27.
9
Calculate the greatest common factor of 1843 and 194.
97
What is the greatest common divisor of 232 and 638?
58
What is the highest common factor of 1230 and 45?
15
Calculate the highest common divisor of 452 and 1017.
113
What is the highest common divisor of 3 and 219?
3
What is the greatest common divisor of 749 and 28?
7
Calculate the highest common factor of 63 and 1953.
63
Calculate the greatest common divisor of 29 and 63713.
29
What is the highest common divisor of 969 and 5559?
51
Calculate the highest common divisor of 220 and 640.
20
What is the greatest common divisor of 77275 and 275?
275
What is the highest common divisor of 3575 and 1716?
143
What is the greatest common factor of 14 and 4?
2
Calculate the highest common divisor of 204 and 136.
68
Calculate the greatest common divisor of 238 and 462.
14
What is the highest common divisor of 250 and 130?
10
Calculate the greatest common divisor of 1806 and 336.
42
Calculate the highest common factor of 4950 and 4752.
198
What is the highest common divisor of 1375 and 165?
55
Calculate the greatest common divisor of 204 and 3162.
102
What is the greatest common factor of 10611 and 81?
81
What is the highest common divisor of 671 and 44?
11
Calculate the highest common divisor of 728 and 168.
56
What is the greatest common divisor of 380 and 180?
20
What is the highest common factor of 192 and 246?
6
Calculate the greatest common divisor of 5844 and 120.
12
What is the greatest common factor of 1248 and 732?
12
What is the highest common divisor of 474 and 395?
79
Calculate the highest common factor of 972 and 720.
36
Calculate the greatest common divisor of 58 and 11194.
58
What is the greatest common factor of 1111 and 22?
11
What is the greatest common factor of 1739 and 851?
37
Calculate the greatest common factor of 174 and 783.
87
Calculate the highest common divisor of 54 and 66.
6
Calculate the highest common divisor of 7203 and 441.
147
What is the greatest common di